 -o**2 - 12*o - 6. What is the units digit of j(c)?
5
Let n(l) = -8*l**3 - 8*l**2 - 5*l**3 + 19*l**3 + 8*l - 5*l**3 - 4. Let p = -9 + 16. What is the units digit of n(p)?
3
Let s be 3/(-2)*-2*1. Let b be 1/s - 46/(-6). Let w = b - -1. What is the units digit of w?
9
Suppose -3*v + 10 = 2*z - 18, -v - 53 = -5*z. What is the units digit of z?
1
Suppose -3*v + 0*v - 2 = -4*k, -4*v + 4 = -2*k. Suppose -3*y + 2 = -2*m, -3*m = -v*y + m + 4. What is the units digit of 13*(y - -1)*1?
3
Let t = -11 + 13. Let l = 23 + -15. Suppose -3*q - 10 = r - l*q, 3*r + t*q = 38. What is the units digit of r?
0
Suppose 4*p + 39 = 5*p. What is the tens digit of p?
3
Let j = -105 + 166. What is the units digit of j?
1
Let o be (1 + (-3)/2)*4. Suppose -f + 19 = -5*r, -4*f = -5*f + r + 3. Let p = f - o. What is the units digit of p?
1
Suppose 2*b = 5*b - 675. Suppose -k + 6*k = b. Suppose -v - v = 6, 2*f = 3*v + k. What is the tens digit of f?
1
Suppose 4*p = 4*w + 48, -p - 3*w + 2*w + 4 = 0. What is the units digit of p?
8
Suppose 2*c + t = -2*t + 87, -2*t + 2 = 0. What is the tens digit of c?
4
Suppose -z + 783 = 3*t, -2*t - 2*z + 442 = -84. What is the tens digit of t?
6
Suppose 2*w = 3*p - 49, -p + 4*p = 3*w + 54. Let l(i) = i**3 - 12*i**2 - 13*i + 12. What is the tens digit of l(p)?
1
Let z = 146 + -95. What is the tens digit of z?
5
Let f(v) = 2*v + 23. What is the units digit of f(15)?
3
Suppose 148 = 2*b - 4*v, 3*b - 370 = -2*b - 5*v. What is the tens digit of b?
7
Suppose -7 = w + 4*x, 0*w + 2*x = 4*w - 8. What is the units digit of w + (-3)/(-1) + -2?
2
Let t(l) be the first derivative of 3*l**2/2 + l - 2. Let c be t(2). Let b = -4 + c. What is the units digit of b?
3
Let f(z) = z**2 - 5*z + 4. Let r be f(5). Let n = r - 3. What is the units digit of n?
1
Let a = -13 + -5. What is the units digit of 84/(-18)*a/7?
2
Let v(j) = 36*j**3 + 2*j - 1. What is the units digit of v(1)?
7
Let h(n) = n**3 - 2*n**2 - 4*n + 1. Let i = 9 + -6. Let m be h(i). What is the units digit of m + (-3)/6*-10?
3
Suppose -3*z + 1 + 2 = 0, 2*d - 848 = -4*z. What is the tens digit of d?
2
Let q(y) = y**2 + 7*y + 6. Let m be q(-6). Suppose 6 = -m*g - g. What is the tens digit of -6*3/g - -14?
1
Suppose 0 = 8*k - 3*k - 995. What is the tens digit of k?
9
Suppose -8*w = -4*w - 20. Suppose 0*h = u - 2*h + 5, -w = 5*u - 5*h. What is the units digit of u?
3
Suppose -3*v = -3, 2*w + v + 0*v = -9. Let x(m) = -m**3 - 5*m**2 - 5*m. What is the units digit of x(w)?
5
Let w = 5 + 5. What is the tens digit of w?
1
Let r = 0 + 6. Let c be 6*4/r + 0. Suppose c*s - 42 = -5*g, -2*g = 2*s + 5 - 23. What is the units digit of g?
6
Let j be 2/(-6)*(-2 - 4). Let n = 4 - j. What is the units digit of (18/5)/(n/5)?
9
Suppose -34 = -i - 0*i. What is the units digit of i?
4
Let a be -1 - (1*-94 - -3). Suppose 5*j - a = 3*z, 3*j + 5*z - 25 = 63. What is the units digit of j?
1
Let i(f) = -f**3 + 4*f**2 + 2*f. Let q(h) = -2*h - 2. Let d be q(-3). What is the units digit of i(d)?
8
Let b(r) = r**2 - 6*r - 2. Let p be b(7). Let i(x) = x**3 - 5*x**2 - x + 5. Let z be i(p). Suppose -n + z*n + 9 = 0. What is the units digit of n?
9
What is the tens digit of (5/(-10))/((-1)/24)?
1
Suppose -t + 6*t = 3*z + 233, 4*t - 200 = -z. Let j = t - 28. What is the tens digit of j?
2
Let r(k) = k**3 - k**2 - k - 1. Let w(u) = 2*u**3 - 7*u**2 + u - 6. Let j(z) = -r(z) + w(z). What is the units digit of j(6)?
7
Suppose 0 = -5*d + 10 + 170. Suppose 0*i = 3*i - d. What is the tens digit of i?
1
Let l be (23/(-3))/((-2)/6). What is the tens digit of 6/3*l/2?
2
Let t = 4 - -38. Suppose -3*p = -p - t. What is the units digit of p?
1
Let v be (-1)/3 - (-39)/9. Suppose 3*d = v*x + 5, 2*d + 0*d = -3*x + 9. What is the tens digit of (0 + 11)/(0 + x)?
1
Let q(z) = -z**2 - 8*z - 4. Let o be q(-6). What is the units digit of 10/40 + 246/o?
1
Let v(k) = k**3 - k**2 - 4*k - 4. Let a be v(-4). What is the tens digit of -5 + 1 + (-9 - a)?
5
Let d(l) = 3*l - 1. Let g be d(1). Suppose 5*k + 3*v - g*v = 64, 0 = k + 3*v - 24. What is the units digit of k?
2
Let k(v) = 18*v**2 + v**3 - 2 - 7 + 10*v - 13*v. What is the units digit of k(-18)?
5
Let v(g) = g**3 + 2*g**2 - 2*g - 3. Let t be v(-2). Let j = t - -2. What is the units digit of j?
3
Let u be ((-3)/2)/((-3)/28). Let j = 20 - u. Let g(m) = -m**3 + 7*m**2 - 6*m + 2. What is the units digit of g(j)?
2
Suppose 2*m + 0 = 10. Let k be (1 + m)/((-3)/(-8)). Let n = k + -9. What is the units digit of n?
7
Let a(n) = n**3 + 12*n**2 - 5*n + 5. What is the units digit of a(-12)?
5
Let o(k) be the third derivative of -k**6/120 - k**5/30 + k**4/24 + k**3/2 - 2*k**2. Let l be o(-3). What is the units digit of (6/l)/((-6)/(-9))?
1
Let o(i) = i**3 - 7*i**2 - i + 10. Let k be o(7). Suppose -h = 1 - k. Suppose h*j - 4*r = 0, -5*r = -4*j + 8 + 7. What is the tens digit of j?
1
Let a(q) = q**2 + 5*q. Let t be a(-6). Suppose -l + t = -0*l. What is the units digit of l?
6
Let o(u) = -2*u + 6*u**2 + 5*u**2 + u**3 - 5 - 4*u**2. What is the units digit of o(-7)?
9
Let c = -109 + 231. What is the tens digit of c?
2
What is the units digit of 6*4/(32/20)?
5
Let m(q) = q - 6. Let l be m(-6). Let d be (-3)/l - 22/(-8). Suppose -3*r = -d*w, 2*w - 12 = -r - r. What is the units digit of r?
3
Suppose 3*v + 4 = 5*v. Suppose 6 = 4*b - 38. Suppose 1 = v*r - b. What is the units digit of r?
6
Let s be 2 - (3 - (-11)/(-1)). Suppose s*p - 5*p = 80. What is the tens digit of p?
1
Suppose -2*w = -w + 110. Let n = 159 + w. What is the units digit of n?
9
Suppose 2*x - 33 = 4*y - 3*y, -4*x + 4*y + 68 = 0. What is the tens digit of x?
1
Suppose y + 4*y - 35 = 0. Let u = -14 + y. What is the units digit of (u/4)/((-2)/16)?
4
Let z be -2 + 2/(-2) + 39. Suppose -2*a = -6 - 0. Suppose 0*u - a*u = -z. What is the units digit of u?
2
Suppose 3*h + 222 = 5*h. What is the units digit of h?
1
Let r(l) = -19*l - 5. Let m be r(-3). Suppose j + j = m. What is the units digit of j?
6
Suppose -111 = -6*d + 57. What is the tens digit of d?
2
What is the units digit of -1 + 2 + (-24)/(-4)?
7
Let n = -4 + 5. Let h be 1 + -10*n/2. What is the tens digit of 10*3*(-2)/h?
1
Let g be ((-18)/(-4))/(-3)*-8. Let y(f) = g*f**2 + f**3 + 12*f + 2 - 3*f - 2*f**2. What is the units digit of y(-9)?
2
Let d = 153 - 80. What is the units digit of d?
3
Suppose 3*c + 21 = 4*c + g, -2*c + 3*g + 17 = 0. What is the units digit of c?
6
Let x(p) = -p - 3. Let s be x(0). Let f(g) = -2*g + 10. What is the tens digit of f(s)?
1
Let n = -331 + 481. Let a be ((-3)/3)/((-3)/n). What is the units digit of (9/5)/(15/a)?
6
Let f(p) = 5*p - 14. What is the tens digit of f(7)?
2
Let f = 3 + 6. Let k = 10 - 15. Let n = k + f. What is the units digit of n?
4
Suppose 0*i = 2*i - 34. Suppose -5*r + i + 13 = 0. What is the units digit of r?
6
Let g = 6 + 39. What is the tens digit of g?
4
Let f(u) = -u**3 - 6*u**2 - 1. Let j be f(-5). What is the units digit of (-204)/j + (-14)/(-91)?
8
What is the tens digit of 50*(4/(-14) - (-50)/28)?
7
Suppose 3*a - 3*p - 51 = 0, -18 = -a + 2*p + 2. Let z = -6 + a. What is the units digit of z?
8
What is the tens digit of 8250/38 + 80/(-760)?
1
What is the tens digit of (-1)/(-2*3/264)?
4
Let c = 17 - -4. What is the units digit of c?
1
Let w = 11 + 7. What is the tens digit of w?
1
Suppose d = 8 + 32. What is the units digit of d?
0
Suppose 0 = 3*n + 3*r - 24, 5*n - 3*r + r = 33. Suppose -4*f + 9 = -n. Let d = f + 3. What is the units digit of d?
7
Suppose l = d, 0 = -3*d - 2*d + 3*l - 4. Let h be (-3 - d)*(15 - 1). What is the units digit of (12/h)/(6/(-42))?
6
Let m = -18 + 27. What is the units digit of (-1 + 0 - 0) + m?
8
Let x(b) = -6*b + 57. What is the tens digit of x(-17)?
5
Let n(k) = k**3 - 5*k**2 - 6*k - 6. What is the tens digit of n(7)?
5
What is the tens digit of 34/(1 + 0) - 1?
3
Let p(k) = -5*k - 2. Let c be p(-2). Let l(b) be the second derivative of -b**3/6 + 19*b**2/2 + b. What is the tens digit of l(c)?
1
What is the hundreds digit of -23 - -20 - (-216)/1?
2
Suppose 1 + 191 = 4*z + 4*a, -2*a = 8. What is the tens digit of z?
5
Let w be -1 - (1 - (-3)/(-1)). Suppose -2*s = 6 - 4. What is the units digit of s/(w/(-5)*1)?
5
Let l(d) = 41*d**3 + d**2. What is the units digit of l(1)?
2
Let u = -18 - -37. Let c = u - 5. Suppose 5*n - c 